be 1*(0 - 1) + 8. Suppose 0 = -2*t + u*t. Suppose x + t*p - 23 = -3*p, 4*x = -5*p + 64. List the prime factors of x.
11
Suppose 0 = 2*q - 76 - 4. What are the prime factors of q?
2, 5
Suppose l + 5*s + 23 + 2 = 0, -5*s = -4*l + 25. Suppose l = 3*q - q - 38. List the prime factors of q.
19
Suppose -356 = -5*u + u + 5*v, 4*u - 324 = -3*v. Suppose -3*t = -7*t + u. What are the prime factors of t?
3, 7
Let k(u) = u**3 + 8*u**2 + 5. Let i be k(-8). Suppose 5*l - 10 = i*h, 13 + 19 = l + 5*h. What are the prime factors of l?
7
Let p(v) = 5*v + 38. What are the prime factors of p(26)?
2, 3, 7
Let g = -12 + 56. What are the prime factors of g?
2, 11
Suppose -r = -0*r. Suppose a - 1 - 1 = r. Suppose 3*f = a*v + 43 - 2, 2*f + 5*v = 2. What are the prime factors of f?
11
Let f(w) = -w**2 + 5*w + 2. Let a be f(5). Let o = 37 - a. List the prime factors of o.
5, 7
Let b = 1 - -6. Suppose 31 = 2*x - b. What are the prime factors of x?
19
Suppose 0 = 3*z - 10 - 41. Let p = 37 - z. Suppose -2*g - 4*q = -3*q - 10, 5*g - p = -5*q. What are the prime factors of g?
2, 3
Let j be (3 - 3)*-1*1. List the prime factors of 13 + (2 - 2 - j).
13
Suppose -4*t + 57 - 5 = p, 0 = -4*t + 8. List the prime factors of p.
2, 11
Let h be 2/(-4)*(-25 + 1). Suppose 4*z + h = 108. Let a = -14 + z. What are the prime factors of a?
2, 5
Let g = -134 - -216. What are the prime factors of g?
2, 41
Let h(b) = b**3 - 5*b**2 - 2*b + 3. Let p be h(4). Let u = -7 - p. List the prime factors of u.
2, 7
Let j(r) = -13*r - 1. Let p be j(-1). Suppose -p = -4*g + 2*g. Let n = g - 0. List the prime factors of n.
2, 3
Suppose 3*o - 5*s - 140 = 0, -o = s + s - 43. List the prime factors of o.
3, 5
Suppose -4*a - 140 = -8*a. List the prime factors of a.
5, 7
Suppose 2 = -s - 0*s. Let b be 4 + 1 + -1 + 1. Let h = b + s. List the prime factors of h.
3
Let n = 489 - 234. What are the prime factors of n?
3, 5, 17
Suppose -4*w + 2*w = -8. Suppose 7*k + 12 = 10*k. Suppose -2*h = k*m - 3*h - 49, 0 = -w*m + 5*h + 69. What are the prime factors of m?
11
Suppose 5 = s + 2*g, -3*g = 3*s - 8*s + 90. Let x = s + -9. List the prime factors of x.
2, 3
Let v be (-8)/(-10)*(0 - -5). List the prime factors of (50/(-3))/(v/(-6)).
5
Let w be ((-8)/16)/((-2)/12). Let l = 28 + w. List the prime factors of l.
31
Let f be -1*20/8*-2. Suppose -s + f = -4. What are the prime factors of s?
3
List the prime factors of ((-18)/12)/((15/302)/(-5)).
151
Suppose 5 = k - 9. Let g = 37 - k. List the prime factors of g.
23
Let p(h) be the third derivative of -h**5/60 - 11*h**4/24 - 7*h**3/6 + 3*h**2. List the prime factors of p(-5).
23
Let u = 5 - 2. Suppose u*l = -l. Suppose 4*v + 2*h - 24 = l, 8*v = 3*v + 5*h + 60. List the prime factors of v.
2
Suppose -5*s = -2*s - 6. Suppose -14 = -s*i - 0*i. List the prime factors of i.
7
Suppose -4*u + 20 - 8 = 0. Suppose 3*s = s + 10. Suppose -t + s*f - 6 = -24, 9 = -u*f. What are the prime factors of t?
3
Let t(x) = x**3 + 5*x**2 + 6. Let d be t(-5). Let z be 5/((-45)/d)*3. List the prime factors of (z + 1)/((-3)/15).
5
Let v = 1 + 59. List the prime factors of v.
2, 3, 5
Suppose y - 2 = -0*y. What are the prime factors of y?
2
Let l = 15 + -9. Let p be 5/((-15)/6)*(-4)/(-8). List the prime factors of (-3)/l*26/p.
13
Let x = 5 - 2. Let k be 1 - x/3*3. What are the prime factors of 9 - k/2*0?
3
Suppose 0 = -2*h + 4*m - 14, 3*h - m - 4 = -0*h. Suppose -h*c + 89 = 4*k, 0 = k + c - 15 - 6. What are the prime factors of k?
2, 13
Let l = 35 - 21. Let f(d) = d + 9. Let k be f(-5). Let h = l - k. What are the prime factors of h?
2, 5
Let r(f) = f**3 - 2*f**2 - f + 1. Let m be r(2). Let k be (16/12)/(m/9). What are the prime factors of 18/8 + 3/k?
2
Let w(a) = 6*a**3 - 2*a**2 - 9*a + 3. List the prime factors of w(4).
11, 29
Let y(j) = -j + 2*j + 23*j**2 + 3 - 3*j - 2. List the prime factors of y(1).
2, 11
Suppose j - 4*h + 19 = 0, -2*j - h - 4*h + 14 = 0. Suppose -y = -5*m - 10, 5*m - 3*m = y - 4. What are the prime factors of (-27)/j*m/(-2)?
3
Let k = 2 - 4. Let z(r) = r**3 - r**3 - 3*r**2 + 2*r**3 - 5*r**3. List the prime factors of z(k).
2, 3
List the prime factors of (3/(-2))/(3/(-68))*2.
2, 17
Suppose 0*i = 3*i - 9. Suppose -2*q + i + 39 = 0. What are the prime factors of q?
3, 7
Suppose -9*v - 605 + 1865 = 0. What are the prime factors of v?
2, 5, 7
Suppose 85 = 2*f - 69. What are the prime factors of f?
7, 11
Let q(j) = j**2 + 5*j - 10. Let f be q(-7). Let y be (-2)/(-4)*(f - 2). Let k(d) = 2*d. List the prime factors of k(y).
2
Suppose -19*r + 444 = -17*r. List the prime factors of r.
2, 3, 37
Suppose -6*t + t = 0. Suppose 3*r - 7 = -2*i + 15, -i - 2*r + 12 = t. List the prime factors of i.
2
Let g = 2 - -10. What are the prime factors of g?
2, 3
Let r(g) = -g**2 + 6*g + 12. Let d be r(9). Let f = 33 + d. Let s = f - 11. What are the prime factors of s?
7
Let q(p) = p**3 - 4*p**2 - p - 11. What are the prime factors of q(5)?
3
Let r(y) be the third derivative of -y**5/60 - 5*y**4/24 + 2*y**3/3 - 2*y**2. What are the prime factors of r(-4)?
2
Suppose v + 4*v + 2*x - 185 = 0, -2*x = 3*v - 115. Let d = v - -18. List the prime factors of d.
53
Suppose -2*c = 31 - 115. What are the prime factors of c?
2, 3, 7
Let w(i) = -5*i - 4. List the prime factors of w(-4).
2
Let s(g) = -130*g**3 + 5*g + 4. List the prime factors of s(-1).
3, 43
Let n = -28 + 76. List the prime factors of n.
2, 3
Suppose 12*q = 9*q + 297. List the prime factors of q.
3, 11
Let b(d) = -2*d**2 + 30*d + 28. List the prime factors of b(15).
2, 7
What are the prime factors of ((-1862)/21)/(8/(-12))?
7, 19
Let x(u) = -u**3 - 5*u**2 - 6*u - 7. List the prime factors of x(-5).
23
Suppose z = -4*z + 135. What are the prime factors of z?
3
Suppose 5*u + 32 = 5*r - 9*r, 0 = 4*u - 2*r + 36. Let b = 4 - u. List the prime factors of b.
2, 3
Let w be -1 + 0 - (3 - 3). What are the prime factors of (w - 0)/(3/(-63))?
3, 7
Let m = 13 - 14. List the prime factors of (-12)/12 + 31 + m.
29
Let v(f) = f**3 - 8*f**2 - 2*f + 8. Let z be v(8). Let r be (-27)/2*z/12. Let c = r + -4. List the prime factors of c.
5
Let h = -16 + 21. Let t be 15 + (1 - 2) + 1. Suppose -h*q + 0 + t = 0. List the prime factors of q.
3
Let t = 128 - 90. Suppose 4*w + 43 = 3*s, t = -s + 3*s + 2*w. List the prime factors of s.
17
Let u(j) = j - 2*j**2 + 0*j**2 + 3*j**3 - 4*j**3 - 3. Suppose 0 = -m + 3*h - 18, 2*h + 7 - 2 = -5*m. List the prime factors of u(m).
3
Let w(h) = -h**3 - h**2 + 2*h**2 + h**2 - h + 2*h**3. Let t be w(-2). What are the prime factors of -1*t - 10/(-2)?
3
Suppose -3*m + 27 = 4*w - 0*m, 25 = 5*w - 5*m. Let q(p) = 2*p**2 - 4*p - 5. Let a be q(5). Suppose -w*z + a = -z. List the prime factors of z.
5
Suppose g - 5*h - 33 = 0, -g + 0*h + 24 = 4*h. List the prime factors of g.
2, 7
Let h be (-7)/1*(-1 + 0). Let f(i) = 3*i - 1. Let d be f(-2). What are the prime factors of h/2*(d - -11)?
2, 7
Suppose 2*w - 2 + 14 = 0. List the prime factors of 6/(-2) - 180/w.
3
Suppose -5*d + 25 = 0, -d = 3*s - 4*d + 66. What are the prime factors of 2*(-3)/6*s?
17
Let y be (-20)/4 - (-1)/1. Let z(g) = -2*g - 2. Let s be z(y). List the prime factors of ((-52)/(-6))/(4/s).
13
Let g be (-4)/6*3/1. What are the prime factors of 36/4 + 0/g?
3
Let g(q) = 4*q**2 + 4*q + 1. Let h be g(2). Let z = h + -12. What are the prime factors of z?
13
Let z(n) = -2*n - 6. Let b = 8 - 15. What are the prime factors of z(b)?
2
Let d = -143 - -263. List the prime factors of d.
2, 3, 5
Suppose -2*u + 4*u = 12. Suppose -4*z - 2 - u = 0. Let q = 7 + z. List the prime factors of q.
5
Suppose -5*s + 4*s - 4*t = 11, -3*s = 3*t + 15. List the prime factors of 18/12*(-32)/s.
2
Let b = 12 + -28. Let h = b + 53. List the prime factors of h.
37
Let f(b) = b**3 - 8*b**2 + 9*b - 11. Let d be f(8). Let c = d - 21. What are the prime factors of c?
2, 5
Let p(d) = d. Let y be p(6). Let o be 94/6 - 4/y. What are the prime factors of o/(-2)*12/(-10)?
3
Let h(n) = 2*n**3 + 2*n**2 - 5*n - 4. Let a be h(-3). Let d = 0 - a. What are the prime factors of d?
5
Let a = -14 - -22. Let l = a - -25. List the prime factors of l.
3, 11
Let s = -12 - -12. Suppose b = -s*b - 2*m + 16, 4*b - 3*m = 9. What are the prime factors of b?
2, 3
Suppose 3*z - 2 = 7. Suppose 4 + 8 = z*o. List the prime factors of o.
2
Let r be (0 - 